
37
What is the greatest common factor of 1640 and 160?
40
Calculate the highest common factor of 210 and 168.
42
What is the highest common factor of 154 and 11?
11
Calculate the greatest common divisor of 214 and 20651.
107
Calculate the greatest common factor of 838 and 2.
2
What is the greatest common divisor of 9444 and 12?
12
Calculate the greatest common factor of 104 and 4316.
52
What is the highest common divisor of 909 and 505?
101
Calculate the greatest common factor of 20 and 340.
20
What is the greatest common divisor of 12488 and 14?
14
What is the highest common divisor of 11 and 11?
11
Calculate the greatest common divisor of 656 and 96.
16
What is the highest common factor of 21473 and 109?
109
What is the highest common divisor of 48 and 256?
16
Calculate the highest common factor of 16 and 3248.
16
What is the greatest common divisor of 6 and 1842?
6
Calculate the greatest common factor of 17695 and 5.
5
What is the greatest common divisor of 125 and 27250?
125
What is the highest common factor of 20 and 1060?
20
Calculate the greatest common divisor of 29 and 2.
1
Calculate the highest common divisor of 30 and 1695.
15
Calculate the highest common factor of 32 and 158.
2
What is the highest common factor of 2 and 554?
2
Calculate the highest common factor of 8 and 24328.
8
Calculate the greatest common factor of 5592 and 48.
24
Calculate the greatest common divisor of 88 and 3014.
22
Calculate the greatest common factor of 70 and 1200.
10
What is the greatest common divisor of 14 and 258?
2
What is the greatest common divisor of 16986 and 114?
114
What is the highest common factor of 36 and 42?
6
What is the greatest common divisor of 32642 and 76?
38
Calculate the highest common factor of 37 and 296.
37
What is the greatest common divisor of 7 and 36?
1
Calculate the highest common factor of 18 and 426.
6
Calculate the greatest common divisor of 120 and 270.
30
What is the highest common factor of 10 and 6?
2
Calculate the greatest common factor of 106 and 1166.
106
Calculate the greatest common factor of 40 and 248.
8
What is the highest common divisor of 24 and 8752?
8
Calculate the highest common divisor of 45617 and 377.
377
Calculate the greatest common divisor of 52 and 64.
4
What is the greatest common divisor of 1271 and 451?
41
What is the greatest common divisor of 90 and 110?
10
What is the greatest common divisor of 11 and 4939?
11
Calculate the greatest common factor of 1729 and 637.
91
Calculate the greatest common divisor of 208 and 312.
104
What is the greatest common factor of 8 and 3812?
4
What is the greatest common divisor of 235 and 25?
5
What is the greatest common factor of 45 and 81?
9
What is the highest common factor of 36 and 774?
18
What is the greatest common factor of 4 and 10?
2
Calculate the greatest common divisor of 17 and 2431.
17
What is the highest common factor of 21 and 59703?
21
What is the greatest common divisor of 10817 and 29?
29
What is the highest common divisor of 210 and 3500?
70
What is the greatest common factor of 117 and 18?
9
What is the greatest common factor of 275 and 187?
11
Calculate the highest common divisor of 2475 and 11025.
225
Calculate the greatest common divisor of 828 and 198.
18
What is the highest common factor of 3 and 80?
1
What is the highest common divisor of 1066 and 26?
26
Calculate the highest common divisor of 560 and 126.
14
What is the greatest common factor of 522 and 58?
58
What is the greatest common divisor of 9301 and 131?
131
Calculate the greatest common factor of 35 and 520.
5
Calculate the greatest common factor of 275 and 1075.
25
What is the highest common factor of 4898 and 62?
62
What is the highest common factor of 27 and 315?
9
What is the greatest common divisor of 621 and 138?
69
Calculate the highest common divisor of 11523 and 69.
69
What is the greatest common divisor of 27 and 513?
27
What is the highest common divisor of 88 and 6644?
44
Calculate the highest common divisor of 442 and 136.
34
Calculate the greatest common divisor of 6 and 338.
2
What is the greatest common divisor of 22 and 110?
22
What is the highest common divisor of 81 and 621?
27
What is the greatest common factor of 297 and 22?
11
Calculate the highest common divisor of 387 and 63.
9
Calculate the highest common factor of 162 and 1053.
81
What is the greatest common factor of 350 and 854?
14
Calculate the highest common factor of 39 and 93.
3
What is the greatest common divisor of 123 and 287?
41
Calculate the highest common factor of 8813 and 7.
7
What is the highest common divisor of 63360 and 90?
90
Calculate the highest common factor of 646 and 1258.
34
Calculate the highest common divisor of 130 and 702.
26
What is the greatest common divisor of 208 and 52?
52
Calculate the greatest common divisor of 13505 and 555.
185
Calculate the greatest common divisor of 110 and 60.
10
Calculate the greatest common divisor of 31 and 2.
1
Calculate the highest common divisor of 384 and 2176.
128
What is the highest common divisor of 76 and 276?
4
Calculate the highest common factor of 83 and 15853.
83
Calculate the greatest common factor of 132 and 1440.
12
What is the greatest common factor of 8 and 26?
2
What is the highest common divisor of 39 and 30?
3
Calculate the highest common factor of 21 and 2217.
3
Calculate the greatest common factor of 128 and 1.
1
Calculate the greatest common factor of 88 and 2904.
88
Calculate the greatest common factor of 84 and 5754.
42
What is the greatest common factor of 430 and 4214?
86
What is the highest common divisor of 17 and 289?
17
Calculate the greatest common divisor of 60 and 12.
12
Calculate the highest common factor of 313 and 1.
1
Calculate the greatest common divisor of 300 and 216.
12
Calculate the highest common divisor of 54 and 108.
54
Calculate the highest common factor of 344 and 43.
43
Calculate the highest common factor of 13712 and 80.
16
What is the highest common factor of 152 and 32?
8
What is the highest common divisor of 48 and 40?
8
What is the greatest common divisor of 12 and 1806?
6
Calculate the greatest common divisor of 90 and 10035.
45
Calculate the greatest common divisor of 1073 and 29.
29
What is the greatest common divisor of 14443 and 11?
11
Calculate the greatest common factor of 14 and 35.
7
What is the highest common factor of 114 and 304?
38
What is the highest common factor of 29972 and 354?
118
Calculate the highest common factor of 10 and 10130.
10
Calculate the highest common factor of 121 and 11737.
121
What is the highest common divisor of 117 and 91?
13
Calculate the greatest common factor of 13160 and 376.
376
What is the greatest common factor of 4571 and 7?
7
Calculate the highest common divisor of 35 and 287.
7
Calculate the greatest common divisor of 5 and 10.
5
What is the greatest common divisor of 55232 and 64?
64
Calculate the greatest common factor of 12 and 1572.
12
Calculate the greatest common factor of 63 and 24.
3
Calculate the greatest common factor of 1157 and 104.
13
What is the greatest common divisor of 35 and 4270?
35
What is the greatest common factor of 125 and 5?
5
What is the highest common factor of 96 and 3?
3
Calculate the highest common factor of 37 and 2738.
37
What is the highest common factor of 272 and 4496?
16
Calculate the highest common divisor of 210 and 385.
35
What is the greatest common factor of 610 and 20?
10
What is the highest common factor of 6944 and 651?
217
What is the greatest common divisor of 2850 and 114?
114
Calculate the greatest common divisor of 14 and 2.
2
What is the highest common divisor of 10235 and 92?
23
What is the greatest common factor of 90 and 190?
10
Calculate the highest common factor of 40 and 1130.
10
What is the greatest common divisor of 31 and 3379?
31
Calculate the greatest common factor of 18144 and 224.
224
What is the highest common divisor of 9 and 225?
9
What is the highest common factor of 24 and 636?
12
Calculate the highest common divisor of 3 and 951.
3
Calculate the highest common divisor of 12 and 12.
12
Calculate the greatest common factor of 9 and 2439.
9
What is the greatest common factor of 57 and 14915?
19
What is the highest common factor of 33 and 77?
11
Calculate the greate